+ k = -703. What is the tens digit of y?
7
Suppose -5*b + 2*v - 6*v = 4, -4 = -b - 2*v. Let f = b - 10. Let c(a) = a**3 + 16*a**2 + 22*a - 19. What is the units digit of c(f)?
5
Suppose -u - 3*i = i - 1535, -6098 = -4*u - 2*i. Suppose u = 6*s - 241. What is the tens digit of s?
9
Let s = 96 + -92. Suppose 3*w + 1053 = 4*b - 0*b, s*b = -2*w + 1078. Let q = -89 + b. What is the tens digit of q?
7
Let s be (7/2)/(13/(-78)). What is the tens digit of 70/s*(-57)/2?
9
Let p(t) = -1190*t + 109. What is the thousands digit of p(-13)?
5
Let r(z) = -2*z - 2. Let c be r(2). What is the hundreds digit of (-7 - -12 - 1073)/(c/4)?
7
Let m(q) = q**3 + 9*q**2 - q + 8. Let d be m(-9). Suppose d = 3*f + 8. What is the units digit of 834/12 + f/(-6)?
9
Let a(d) = -103*d - 19. Let z(r) = 102*r + 21. Let u(l) = 4*a(l) + 3*z(l). What is the tens digit of u(-2)?
9
Let v(o) = -3403*o**2 - 2*o**3 + 22*o + 4 + 3424*o**2 + o**3. Let b be v(22). Suppose -12*r + b*r + 104 = 0. What is the tens digit of r?
1
Suppose -3*i - 19 + 145 = -2*m, 4*m + 234 = -3*i. What is the units digit of m/18*(-3 - 24)?
0
Suppose -28*b + 267649 = 14165. What is the hundreds digit of b?
0
Let p = 828 + -614. Suppose 213*r + 1564 = p*r. What is the hundreds digit of r?
5
Let n(y) = 14*y - 5*y + 14 - 4*y + 2*y**2. Suppose -11*q + 9*q + p = -16, -5*q - 3*p = -29. What is the units digit of n(q)?
7
Let y be 263 + -4*(-5)/5. Let r(o) = -2*o - 4. Let t be r(-4). Suppose b = t*b - y. What is the tens digit of b?
8
Let k be (-21)/(-4) + (-3)/12. Suppose 0 = 15*z + 3 - 48. Suppose -4*u - 80 = -z*i - k*u, -59 = -2*i + 5*u. What is the tens digit of i?
2
What is the hundreds digit of 33/132 + (-8583)/(-4)?
1
Let g(o) = -o + 35. Let a be g(-17). Suppose 3*c - 2384 = 5*k, c - 848 = k - a. What is the units digit of c?
8
Suppose -3*i + 0 = 6, -2*i = g + 2. Let j = 1 - -1. Suppose 3*w + g*w - 25 = 0, j*n - 237 = w. What is the units digit of n?
1
Let h(x) be the first derivative of x**3/3 - x**2/2 + 11*x - 23. Let j be h(0). Suppose 348 = j*c - 1082. What is the tens digit of c?
3
Let w(f) = -47*f - 17. Let p(x) = 94*x + 34. Let k(j) = -2*p(j) - 5*w(j). What is the tens digit of k(5)?
5
Suppose -12*w + 37 - 1 = 0. Suppose -w*n = 2*u - 1167, u = -2*n + 33 + 548. Let k = u + -346. What is the units digit of k?
5
Suppose 0 = i - 12507 + 9127. What is the thousands digit of i?
3
Let l(r) be the first derivative of 4*r**3/3 - 5*r**2/2 + 16*r + 30. What is the hundreds digit of l(6)?
1
Let t(q) = 25*q**2 - 97*q - 2. What is the thousands digit of t(9)?
1
Let s(n) = n**3 + 2*n**2 + 205. Let o be s(0). Let r = o - 187. What is the units digit of r?
8
Suppose 0 = 8*r - 11*r + 6. Let m be r + -4 - -46 - 0. Suppose h + 39 = 2*w, 3*h + 14 = -w + m. What is the tens digit of w?
2
Let h = 11869 - 4241. What is the units digit of h?
8
Let b be 94*(36/(-8) - -4). Let h = 44 + b. What is the tens digit of 64 + 1 + h*(3 - 2)?
6
Suppose -146313 + 17681 = -10*m - 4*m. What is the thousands digit of m?
9
Let j(o) = -60*o + 45. Suppose 0 = -15*m - 110 - 205. What is the thousands digit of j(m)?
1
Suppose 291 - 4020 = -11*x. Suppose 0 = 5*c - 2*t - x, 5*c = -t - 2*t + 329. What is the tens digit of c?
6
Let i(o) = 429*o**2 - 4*o + 2. Let c be -4 - 26/(-6) - (-6)/9. What is the hundreds digit of i(c)?
4
What is the hundreds digit of 115196/22 + ((-225)/(-33) - 7)?
2
Let l = -303 + 600. Suppose -5*m + 4*c + 993 = 0, l = m + c + 102. What is the tens digit of m?
9
Suppose 0 = -3*k + g + 2958, 4*k + 2*g + 0*g = 3934. What is the units digit of k?
5
Suppose 0 = 5*v + o - 132, 3*v - 5*o + 10*o - 66 = 0. Suppose -22*d + v*d = 180. Suppose 6*a - 10*a = -d. What is the units digit of a?
9
Suppose 27*d - 464324 = -68*d - 3*d. What is the thousands digit of d?
4
Suppose -22*i + 25*i = -3060. Let c = 1531 + i. Suppose -c = -5*t - l + 2*l, 0 = 4*t + l - 416. What is the tens digit of t?
0
Let r be (112/(-70))/((-4)/10). Suppose o + 4*y - 318 = 0, 0*o - r*y = -o + 278. What is the hundreds digit of 4 - (-2)/4*o?
1
Let t(n) = 5*n - 26. Let x be t(-11). Let y = -81 - x. Suppose -98 = -z - y*z. What is the tens digit of z?
9
Suppose 13*o - 6*o - 28 = 0. Suppose 31 - 11 = o*l. Suppose -l*m - 5 = -4*u, -4*m = -3*u - 2*m + 9. What is the units digit of u?
5
Let h(k) = 2*k**2 - 976*k - 11920. What is the tens digit of h(-12)?
8
Suppose 0 = 3*t + 9, -2*p - 94*t + 11442 = -90*t. What is the thousands digit of p?
5
Let x = 398 - 360. Suppose x*z = 35*z + 3267. What is the units digit of z?
9
Suppose 4*k + 0*k = 5*m - 26, 5*m + 2*k - 2 = 0. Suppose 13*p - 9*p + l = 3205, 0 = m*p - 2*l - 1600. What is the hundreds digit of p?
8
Let z(h) = -110*h + 57*h + 68 + 48*h. What is the tens digit of z(-36)?
4
Let n(v) = 2*v**2 + 117*v + 123. What is the hundreds digit of n(29)?
1
Suppose 7962*s = 7950*s + 7416. What is the hundreds digit of s?
6
Let i(v) = -269*v - 1773. What is the thousands digit of i(-16)?
2
Let a(n) = 6*n**2 - 84*n - 93. What is the hundreds digit of a(58)?
2
Let j(p) = 95*p - 67. Let o = -349 - -360. What is the units digit of j(o)?
8
Let j = -77 - -80. Let k be (-5665)/(-30) + ((-38)/(-12) - j). Suppose -4*q = 5*c - 4*c - k, 4*q + 2*c = 194. What is the tens digit of q?
4
Let b = -50 + 71. Let t = b + 3. Let q = 54 - t. What is the tens digit of q?
3
Let j = 108175 - 62714. What is the tens digit of j?
6
Let i(b) be the second derivative of b**5/20 + 11*b**4/12 - 4*b**3/3 - 7*b**2 - b. Let q be 2688/448 - (1 - -12). What is the hundreds digit of i(q)?
2
Let z(r) = r**3 - 33*r**2 - 423*r + 298. What is the thousands digit of z(45)?
5
Suppose 3*t = -0*z - 5*z, 0 = -3*t + 2*z. Suppose 79*d - 76*d - 444 = t. What is the units digit of d?
8
Let d(c) = -533*c + 82. Let m be d(4). What is the units digit of 3*(7 - m/6)?
6
Let r(a) = -a**3 + 20*a**2 + 2*a - 36. Let k be r(20). Let s(n) = -n + 5. Let h be s(k). Suppose -f + 91 = -h. What is the tens digit of f?
9
Let g(i) = 30*i + 8. Let n be g(4). Suppose -130 = -3*c - 2*v, 4*c + 2*v = n + 44. Let y = c - 8. What is the units digit of y?
4
What is the tens digit of -18 + -1 + 16 - (1 - 5) - -4472?
7
What is the tens digit of 813 + (2/(-6))/((-39)/117)?
1
Suppose -167447 = 52*p - 89*p + 79565. What is the units digit of p?
6
Suppose 83 = -15*x - 7. What is the hundreds digit of 6725/15*x/(-5)?
5
Suppose 6*m - 4*m = 34984 - 8254. What is the thousands digit of m?
3
Suppose -2*f = -4*t + 978, 0 = -4*t - 0*t + 8. Let y = 962 + f. What is the units digit of y?
7
Suppose 10*w - 80 = -0*w. Suppose x + w = 56. Suppose 8*l = 9*l - x. What is the units digit of l?
8
Let r = 10 + 35. Suppose -250 = -4*x + 5*t, -14*x + 6*t = -12*x - 118. Let k = x - r. What is the tens digit of k?
2
Suppose 0*r - 16 = -r + 2*z, r + 4 = -2*z. What is the hundreds digit of (r - -927) + (-2 + 6)/4?
9
Suppose 43*r + 4500982 = 306*r. What is the ten thousands digit of r?
1
Let s(w) = -w**3 - 6*w**2 + 4*w + 12. Let y be s(-6). What is the units digit of (y/30)/((85/450)/(-17))?
6
Let l = -4449 + 9102. What is the hundreds digit of l?
6
Let m be (-93)/3 + (2 - 4). Let c = 54 - m. What is the units digit of c?
7
Let c(z) = 148*z - 267. Let k be c(11). Let f = 1926 - k. What is the hundreds digit of f?
5
Let q(x) = -20*x - 2*x**3 + 9*x**2 + 10*x - 15 + 3. Let d be q(14). What is the units digit of 3 + d/(-42) - (-2)/(-7)?
5
Suppose -137*y + 145*y - 29352 = 0. What is the tens digit of y?
6
Let q = -223 - -225. Suppose -k = 0, 0 = 3*z - k + q*k - 1980. What is the units digit of z?
0
Suppose i = 2*i + 3*v - 5, 5*i - 3*v = 61. Suppose -7*c = -i*c + 2696. What is the tens digit of c?
7
Suppose -16 = -4*m, 5*t + 6*m - 3*m = 212. Let f = t - 32. Suppose 5*b = f*b - 57. What is the tens digit of b?
1
Suppose 55887 = 13*a - 55146. What is the hundreds digit of a?
5
Let i(w) = 80*w**2 - 256*w - 3725. What is the thousands digit of i(-15)?
8
Let k(m) = 11*m**2 + 15*m + 142. Let h = -408 + 399. What is the hundreds digit of k(h)?
8
What is the ten thousands digit of 11504 + -3 + (-11)/((-44)/12)?
1
Let b(g) = -g**2 + 16*g - 13. Let m be (2 + 3)/(-5)*-3. Suppose m*o - 31 - 8 = -2*c, 5*o = -c + 72. What is the units digit of b(o)?
2
Let j = 101 + -97. Suppose 4*d + a = 1689, -a + 1669 = j*d - 4*a. What is the hundreds digit of d?
4
Suppose -240 